uppose 4*k + 6 = -z + 1, 2*z + 2*k + 16 = 0. Let h be a(z). What is u(h)?
-10
Let s be (-4)/10 + 22/5. Let j(i) = i - 6*i + 5*i + 21 + 4*i - 26. Give j(s).
11
Let g(v) = -2*v**2 + v + 1. Let z be -1*1*24/8. Let a be 63/42*2/z. Calculate g(a).
-2
Let x(i) = 3*i + 3. Let c(n) be the second derivative of -n**5/20 - n**4/6 - n**3/3 - 3*n**2/2 - 7*n. Let a be c(-2). Let h be -4 - a/(-2)*0. Give x(h).
-9
Let z(a) = 11*a**3 - 14*a**2 - a. Let g(b) = -9*b**3 + 12*b**2. Let k(d) = 5*g(d) + 4*z(d). Determine k(2).
0
Let n(p) = -p**2 + 8*p + 9. Let i be 46*(-21)/(-6) + 1. Let a be (i/(-18))/(-1 - 0). What is n(a)?
0
Let x(y) = -3*y - 2. Let j be x(3). Let h be 22/j*1*2. Let t(b) = b**2 + 6*b + 1. Give t(h).
-7
Let m be -1 + 2 + 3 - 2. Let v(o) = -4 - 3*o**2 - 6*o**3 + m*o**3 + 3*o + 2*o**3 + 0*o**3. Calculate v(-3).
14
Let g(q) = -7. Let w(m) = -m + 13. Let c be (-12)/28 - 138/21. Let t(z) = c*g(z) - 4*w(z). Give t(3).
9
Let w be (-45)/30*4/(-3). Let n(s) = 0*s**2 + s**w - 9*s + 15 + 18*s. Let l be n(-6). Let t(c) = -c - 3. Give t(l).
0
Suppose -v - 25 = 4*v, 2*o + 4*v = -10. Let k(t) be the second derivative of t**4/12 - 4*t**3/3 + 3*t**2 - 49*t. Calculate k(o).
-9
Let c(l) = -4*l**3 + 5*l**2 - 3*l - 5. Let k(t) = -7*t**3 + 11*t**2 - 7*t - 11. Let g(j) = -5*c(j) + 3*k(j). What is g(7)?
-1
Let a(z) be the first derivative of 0*z**3 + 2 - z + 0*z**2 - 1/4*z**4. Suppose -28*n + 27*n = -1. Determine a(n).
-2
Let g(p) be the second derivative of p**4/12 - 10*p**3/3 - 5*p**2/2 - 30*p + 6. Calculate g(20).
-5
Suppose -7*a + 2*a - 15 = 0. Let v be (a + 6/4)*-2. Let d(p) = 2*p + v - 5 + 3. Determine d(-2).
-3
Let y be (1 - (-7)/(-4))/((-3)/(-12)). Let c(w) = -w - 2. What is c(y)?
1
Let g(n) = -n**3 - 4*n**2 + 6*n - 8. Let v be (-2 + (-56)/(-20))/(8/(-60)). What is g(v)?
28
Let h(x) = x**3 + 6*x**2 + 6*x + 6. Let c be (-13)/(4 + 27/(-6)). Let l = c - 26. Suppose 2*g + 4 + 6 = l. What is h(g)?
1
Suppose -h = 6*t - 2*t - 5, -4*t = 0. Let s(y) be the second derivative of y**4/12 - 5*y**3/6 + 3*y**2 + 19*y. Calculate s(h).
6
Let u(k) be the second derivative of 9/2*k**2 + 1/6*k**3 + 0 - 3*k. Suppose -4*x = -3*j - 6*x - 21, 0 = j - 4*x - 7. Determine u(j).
4
Suppose -4*q - 8 = 5*n, 0*n - 3*n + 3*q = 21. Let a be 51/68 + (-21)/n. Let v(t) = -t**2 + 8*t - 2. Calculate v(a).
10
Let l = -25 - -27. Let a(w) = -1 + w + l*w - 7*w + 2*w. Calculate a(-4).
7
Let v(q) be the first derivative of -q**3/3 - 5*q**2/2 + 5*q - 1. Suppose 3*y + 6*y = 36. Suppose 0 = -s + 4*o + 6, -3*s = y*o + 5 + 25. What is v(s)?
-1
Let y(q) = -12*q**2 + q - 1. Suppose 2*z - 2*a = -38, 2*z + 0*a + 39 = a. Let i(w) = -w**3 - 10*w**2 - 8*w + 6. Let t be i(-9). Let d be t/2 - z/8. Give y(d).
-12
Let c(v) be the second derivative of -v**6/720 + v**5/120 - 5*v**4/12 + 3*v. Let u(d) be the third derivative of c(d). Give u(-5).
6
Let j(d) = d - 1. Let t(c) = c**3 - 8*c**2 + 6*c - 1. Let q be t(7). Let w be 228/48 - 2/q. Suppose -w*n + 10*n + 15 = 0. What is j(n)?
-4
Suppose 5*v - 81 = 49. Suppose v = 5*p - 4*g, 5*p + 2*g + 2 = 4. Let w(c) = -p*c + 0*c + 5 - c**2 + 4*c. Calculate w(4).
-3
Let f be 26/(-4) - (-3)/6. Let h(k) be the first derivative of -9/2*k**2 - 1/3*k**3 + 69 - 4*k. Calculate h(f).
14
Suppose 13*p = -11*p - 5*p. Suppose -8 - 12 = -g. Suppose p = -7*w + 3*w + g. Let f(d) = d - 4. Give f(w).
1
Let l(h) = h**3 + 7*h**2 + 8*h + 4. Let a(k) = -k**3 + 3*k**2 + 4*k - 6. Let d be 2/(4/16*2). Let p be a(d). Calculate l(p).
-8
Let l be (4 - 1) + -2 - 0. Let z be (-15)/(-12)*4*l. Let f(b) = 7*b + 10*b - 18*b - z. Determine f(0).
-5
Let u(d) = 3*d**2 - 16*d + 8. Let w be u(5). Let n(m) = 3*m**3 + 9*m**2. Let h(c) = -4*c**3 - 13*c**2. Let f(t) = 5*h(t) + 7*n(t). Calculate f(w).
9
Let a(y) be the second derivative of 19*y**5/20 - y**4/12 - y**3/3 - y**2/2 + 26*y. Give a(-1).
-19
Suppose -25*u = -30*u - 5, -u = l - 5. Let y(o) = -o**2 + 6*o - 9. Determine y(l).
-9
Let g be (-2)/(-3)*(65 + -71). Let a(o) = o**2. Let b(j) = 5*j**2 - j + 4. Let r(u) = -6*a(u) + b(u). Determine r(g).
-8
Suppose 0 = 5*i + 20, -2*i + 0*i - 2 = 2*d. Let n = 2 + 0. Let a(m) = -5*m - d*m**n + 0*m**2 + 2*m**2 - 1. Determine a(-3).
5
Let w(s) = -2716*s**3 + 9*s - 2729*s**3 + 5444*s**3 - 4 + 0 - 7*s**2. Let p be (0 + 0)*-1 - 8. Determine w(p).
-12
Let h(v) = 2*v**2 - v + 3. Let p = 1 + 4. Let u(b) = -2*b**2 - 2. Let r(q) = p*u(q) + 4*h(q). Let n(f) = -10*f + 56. Let w be n(6). Give r(w).
-14
Let i(h) = -h + 10. Let s be i(6). Let u be ((-4)/6)/(s/(-6)). Let c(w) be the third derivative of w**5/6 - w**3/6 - 17*w**2. What is c(u)?
9
Let i(l) = -l**3 - 5*l**2 - 4*l - 3. Let a = -6 + 31. Suppose b - a = -0*b. Let q be (20/b)/((-3)/15). Calculate i(q).
-3
Suppose -2*j - 3*m - 10 = 0, j - 3*j + 4*m + 4 = 0. Let l be (-11)/j + (-6)/4. Let u(i) be the third derivative of i**4/8 - i**3/2 - 5*i**2. Calculate u(l).
9
Let b(p) = -2*p**2 + p. Let l be b(2). Let d = -16 - -21. Let h(s) = -5*s - s**2 - s + 3*s + d - s. Give h(l).
-7
Suppose -4*o = h + 11, 2*o - 28 = h - 41. Let c(b) = -b**3 + 5*b**2 + 2*b - 7. Calculate c(h).
3
Let s(v) = -v**3 + 6*v**2 - 2*v + 9. Suppose 0 = -f + 6*f - 440. Let r = f - 82. What is s(r)?
-3
Let d(v) = -2*v**2 + 2*v - 5*v**2 + 3*v**2 - 1 - v**3. Let i(x) = -x**3 + 17*x**2 + 63*x - 64. Let y be i(20). Calculate d(y).
-9
Let o(z) = z**3 - z**2 - z. Let j(a) = -4*a**2 - 13*a - 5. Let q(c) = -j(c) - o(c). Calculate q(7).
5
Let g(j) = j - 15. Suppose 35 = 3*h - 1. Calculate g(h).
-3
Let a(i) = 2*i**3 - 10*i**2 - 9. Let b(f) = 3*f**3 - 15*f**2 - 13. Let n be 10/(-3)*(-4)/24*9. Let l(k) = n*b(k) - 7*a(k). Determine l(5).
-2
Let s(v) = -v**3 + 12*v**2 - 13*v + 12. Let d be (-4)/(-10) - 4505/(-425). Determine s(d).
-10
Let y(r) = -r + 2. Let l(c) = -c**2 - 15*c - 14. Let t be l(-14). Let n be -1 - (0 - (1 - t)). Suppose -7*d + 6*d = n. Give y(d).
2
Let q(o) = o**2 - 6*o - 1. Let i(v) be the second derivative of 7/12*v**4 + 0 + 1/20*v**5 - 11/2*v**2 - 5/3*v**3 - 5*v. Let c be i(-8). What is q(c)?
-6
Let y(n) = 3*n**3 - n**2 - 2*n + 15. Let a(m) = 10*m**3 - 3*m**2 - 7*m + 44. Let r(x) = 2*a(x) - 7*y(x). Calculate r(0).
-17
Let y(l) be the first derivative of l**4/4 + 2*l**3/3 + l**2/2 + l - 908. Let o(d) = -5*d + 1. Let s be o(-1). Suppose 2*f = -f - s. Give y(f).
-1
Let t(c) = 23 - c**2 - 3*c - 2*c - 17 + 13. Give t(-7).
5
Let p(n) be the first derivative of -4/3*n**3 - 3 + 6*n - 1/4*n**4 + n**2. What is p(-4)?
-2
Let b(l) = -l**2 - 5*l - 8. Suppose 210 = 4*g - 11*g. Let o = -28 - g. Suppose -12 = o*t - 0*t. What is b(t)?
-14
Let z = -359 - -1358. Let a(y) = -4*y**2 + 2*y - y**3 + 1004 + 0*y - z. What is a(-4)?
-3
Let a(c) = -2*c**3 + 10*c**2 - 21*c + 4. Let v(j) = 6*j**3 - 29*j**2 + 60*j - 12. Let r(g) = -17*a(g) - 6*v(g). Determine r(3).
-23
Let z be (-20)/(-150) - (-4)/(-30). Suppose 5*a + 5*d + 15 = z, -3 = a - 2*d + 3. Let q(s) = s**2 + 6*s + 3. Let k be q(a). Let f(v) = v + 1. Determine f(k).
-4
Suppose -27 = f - 29. Let n(q) = 99*q + q**3 - 48*q + 4 + 6*q**f - 44*q. Determine n(-5).
-6
Let p(s) = 12*s**2 + s + 1. Let l(f) = f**2 - 7*f + 4. Let o be l(7). Let d(m) = -m**2 - 8*m - 2. Let b be d(-7). Let v = o - b. Determine p(v).
12
Let h(f) = -3*f**3 - 2*f**2 + f - 2. Let k(y) = -y**2 - 2*y + 1. Let a(l) = 2*l - 27. Let m be a(14). Let c be k(m). Calculate h(c).
12
Let p(t) = -2. Let f(j) = j + 3. Let m(h) = 5*f(h) + 10*p(h). Give m(2).
5
Let h be ((5 - (-3 + 4)) + -3)*1. Let g be (-4*(-25)/20)/h. Let m(j) = j**3 - 6*j**2 + 3*j. Calculate m(g).
-10
Suppose 0 = 5*z + 22 - 37. Let m(h) = 9*h - 1. Give m(z).
26
Let o(t) = -2*t**3 + t + 1. Let s(w) = -7*w**3 + 5*w**2 - 4*w + 3. Let a(p) = -4*o(p) + s(p). Determine a(-6).
11
Let s(r) = -r**2 + 3*r + 4. Let p be s(-2). Let c(j) = j**3 + 6*j**2 - 5*j - 12. Let h(v) = v**3 + 6*v**2 - 6*v - 13. Let a(u) = -6*c(u) + 5*h(u). What is a(p)?
7
Let y(z) be the third derivative of -z**6/120 - z**5/12 + 7*z**4/24 + z**3/3 + z**2. Let h = 5375 + -5381. What is y(h)?
-4
Suppose -12 = -5*g + g. Let j(l) = l**3 - 265 + 267 + l**2 + g*l + 0*l. Give j(-2).
-8
Suppose -3 = -q + 2*v, -2*q = 6*v - v - 15. Let i be q*1 - (-21)/(-7). Let o(w) = i + w**3 + 0 - 6 + 3*w**2 - 2*w. Determine o(-4).
-12
Let i(x) = -x**3 + 7*x**2 - 10*x. Let q be i(4). Let c be (q - -1)*(-32)/(-144). Let w(b) = 8*b - 